 82.
82
What is the highest common divisor of 4150 and 56150?
50
What is the greatest common divisor of 28361 and 365462?
359
What is the highest common factor of 66272 and 8?
8
What is the greatest common factor of 8692 and 1476?
164
What is the highest common factor of 13 and 1650571?
13
Calculate the highest common divisor of 122 and 145546.
122
Calculate the highest common divisor of 901219 and 341.
11
What is the greatest common factor of 311531 and 66231?
2453
Calculate the highest common divisor of 32246 and 644.
46
Calculate the greatest common factor of 917 and 438457.
131
Calculate the greatest common divisor of 910 and 32214.
182
What is the highest common factor of 10 and 447025?
5
Calculate the greatest common factor of 943 and 55200.
23
Calculate the highest common factor of 8766 and 72.
18
What is the greatest common factor of 1628 and 23324356?
1628
Calculate the highest common divisor of 248620 and 18290.
310
What is the greatest common factor of 8 and 14135?
1
Calculate the greatest common factor of 350479 and 188.
47
What is the highest common factor of 6204537 and 18?
9
What is the highest common factor of 11 and 228767?
11
Calculate the highest common divisor of 128068 and 1717.
101
Calculate the greatest common divisor of 95740 and 20.
20
Calculate the highest common factor of 877170 and 30.
30
What is the greatest common divisor of 4188 and 276?
12
Calculate the highest common divisor of 710 and 47854.
142
What is the highest common factor of 17976 and 4066?
214
What is the highest common factor of 117536 and 864?
32
Calculate the highest common factor of 348 and 5692.
4
Calculate the highest common factor of 22997 and 305747.
377
What is the greatest common factor of 266860 and 220?
220
What is the highest common divisor of 46124 and 884?
52
What is the highest common factor of 264 and 50028?
132
Calculate the highest common factor of 247821 and 21.
21
Calculate the highest common factor of 15 and 185400.
15
Calculate the highest common factor of 114213 and 231.
33
What is the greatest common factor of 150976 and 5824?
448
What is the greatest common divisor of 50 and 296150?
50
What is the highest common divisor of 3840255 and 1098?
549
What is the highest common divisor of 178416 and 1134?
378
Calculate the greatest common divisor of 4 and 82372.
4
What is the greatest common divisor of 110720 and 5760?
640
What is the greatest common divisor of 36900 and 10?
10
What is the greatest common divisor of 28492 and 54470?
838
What is the greatest common divisor of 38640 and 34160?
560
What is the greatest common divisor of 1590 and 230?
10
Calculate the greatest common divisor of 3205 and 40.
5
What is the highest common divisor of 4171 and 4558?
43
What is the greatest common divisor of 339980 and 356?
356
Calculate the greatest common factor of 616525 and 91.
91
Calculate the highest common divisor of 13024 and 54538.
814
Calculate the highest common divisor of 7819 and 28.
7
Calculate the greatest common divisor of 295272 and 6696.
216
Calculate the highest common divisor of 24403 and 2231.
23
What is the highest common divisor of 392 and 5054?
14
Calculate the greatest common divisor of 373217 and 741.
247
Calculate the greatest common factor of 6204 and 4700.
188
What is the greatest common divisor of 1147602 and 408?
102
What is the highest common factor of 4283979 and 21?
21
What is the highest common divisor of 3567006 and 18?
18
What is the highest common divisor of 22740 and 768?
12
Calculate the highest common divisor of 38743 and 129.
43
What is the greatest common factor of 46 and 1164?
2
Calculate the greatest common divisor of 1638 and 176787.
117
What is the highest common factor of 3228 and 5831382?
1614
Calculate the highest common factor of 1347720 and 2508.
132
Calculate the highest common divisor of 1071 and 168623.
119
What is the greatest common divisor of 319608 and 45?
9
What is the greatest common factor of 353369 and 186?
31
What is the highest common factor of 39285 and 72?
9
What is the highest common factor of 30 and 449298?
6
Calculate the greatest common divisor of 4134799 and 76.
19
What is the highest common divisor of 54 and 194697?
27
Calculate the greatest common divisor of 612739 and 47.
47
What is the greatest common factor of 8 and 29092?
4
What is the highest common factor of 1418 and 30?
2
What is the highest common factor of 378 and 17682?
42
What is the greatest common divisor of 1987 and 1?
1
Calculate the greatest common divisor of 88565 and 3.
1
What is the greatest common factor of 39 and 42375?
3
What is the highest common divisor of 11457 and 15075?
603
Calculate the highest common divisor of 278 and 788686.
278
What is the greatest common factor of 486927 and 9499?
413
What is the highest common divisor of 243712 and 42?
14
What is the highest common factor of 3059 and 8056?
19
What is the highest common divisor of 7446 and 28470?
438
What is the highest common divisor of 644 and 28350?
14
What is the highest common divisor of 128331 and 9072?
189
What is the highest common factor of 3720 and 680016?
744
Calculate the greatest common factor of 43712 and 64.
64
What is the greatest common divisor of 6951 and 15?
3
Calculate the greatest common factor of 58 and 173333.
29
Calculate the highest common divisor of 13328 and 64624.
112
What is the highest common divisor of 412 and 39964?
412
What is the highest common divisor of 3376 and 64?
16
What is the greatest common factor of 169213 and 242?
11
Calculate the highest common divisor of 160 and 5800.
40
What is the highest common factor of 3053 and 645?
43
Calculate the greatest common divisor of 583 and 1007.
53
What is the highest common factor of 163291 and 566?
283
Calculate the highest common factor of 252 and 1075578.
42
What is the greatest common factor of 767005 and 655?
655
What is the highest common divisor of 99 and 10027413?
99
Calculate the greatest common divisor of 2170059 and 3.
3
What is the highest common divisor of 10572 and 24?
12
Calculate the greatest common divisor of 29562 and 195.
39
What is the highest common divisor of 7672 and 4312?
56
What is the highest common divisor of 50876 and 8372?
644
What is the greatest common divisor of 368 and 92?
92
Calculate the highest common factor of 643978 and 298.
298
Calculate the highest common divisor of 28562 and 4.
2
What is the highest common factor of 145 and 426155?
145
Calculate the greatest common factor of 187 and 35904.
187
Calculate the greatest common divisor of 1096 and 134.
2
What is the greatest common divisor of 1244 and 2799?
311
Calculate the highest common divisor of 259 and 1174528.
37
What is the greatest common factor of 384 and 570496?
128
What is the greatest common factor of 692205 and 15?
15
Calculate the highest common factor of 667 and 3427.
23
Calculate the greatest common factor of 114 and 2254540.
38
What is the greatest common factor of 149930 and 275?
55
Calculate the highest common divisor of 360673 and 464.
29
Calculate the greatest common divisor of 2415 and 83.
1
What is the greatest common factor of 154376 and 736?
184
Calculate the highest common divisor of 854 and 21106.
122
Calculate the highest common factor of 764 and 182978.
382
What is the highest common divisor of 126 and 1372434?
42
Calculate the highest common divisor of 213673 and 51.
17
What is the highest common factor of 96 and 3786?
6
Calculate the highest common factor of 145875 and 22173.
1167
Calculate the greatest common divisor of 14 and 15978.
2
What is the greatest common divisor of 336854 and 21?
7
Calculate the greatest common factor of 70782 and 282.
282
What is the greatest common factor of 1587 and 18699?
69
What is the highest common divisor of 103369 and 49?
7
Calculate the greatest common factor of 51 and 263398.
17
What is the greatest common factor of 285 and 9386?
19
Calculate the greatest common divisor of 2426 and 34.
2
Calculate the highest common divisor of 294 and 137298.
294
What is the greatest common factor of 46748 and 1131?
377
What is the greatest common divisor of 212 and 13939?
53
What is the highest common factor of 192 and 251904?
192
Calculate the highest common divisor of 488 and 11944.
8
Calculate the greatest common 